0 = 4*u - 3*u. What is the highest common divisor of u and 4?
2
Suppose -62 = -u - 15. Let q = -34 + u. What is the greatest common divisor of 104 and q?
13
Let m = -16 - -24. Suppose 0 = t - 2*y - 8, 0*y = -5*y. What is the greatest common divisor of t and m?
8
Let k(q) = -1 + 0 - 2*q + 4 + 5*q. Let v be k(3). Suppose 5*w - 49 - 71 = 0. Calculate the highest common divisor of v and w.
12
Suppose 2*f - 27 = f. Let t be 1 - 2/(-1) - -15. Calculate the highest common factor of t and f.
9
Let a = 8 - 3. Suppose 9 = -0*l + 3*l. Let w be 122/l - 4/6. Calculate the highest common divisor of w and a.
5
Suppose -w + 7*w - 810 = 0. Let t be 1 - 4 - -2 - -28. Calculate the greatest common factor of w and t.
27
Let o be (-5)/((-5)/3)*32. Suppose 2*b - 10 = 0, 121 = -v + 5*v + 5*b. What is the greatest common factor of v and o?
24
Suppose -3*p + o + 38 = 0, -p + 18 = o - 0*o. What is the highest common factor of 14 and p?
14
Let o = 25 + 25. Calculate the greatest common divisor of o and 125.
25
Let w = 13 - 10. Suppose 26 + 5 = 2*i + w*v, 4*v + 66 = 2*i. Calculate the greatest common factor of i and 46.
23
Let g(p) = 2*p + 25. Let j be g(-9). What is the greatest common factor of 77 and j?
7
Let b be (10 - -1) + 1*-1. Suppose 7*i - 2*i - b = 0. Calculate the greatest common factor of i and 22.
2
Let p be 2/(-3) + 10/6. Suppose 2*z + 2*u - 10 = 0, 5*z + 2*u + 14 = 45. Let s(g) = g. Let v be s(z). Calculate the highest common factor of v and p.
1
Let g(v) = v**2 + 4*v - 1. Let n be g(-6). What is the highest common factor of 88 and n?
11
Let i be ((-44)/5)/(4/(-20)). Calculate the greatest common factor of i and 4.
4
Let t = -106 + 152. Let y = -28 + t. What is the highest common divisor of 36 and y?
18
Suppose -2*y + 30 = -26. What is the highest common factor of y and 70?
14
Let a(h) = 3*h**2 - 8*h - 11. Let y be a(-4). Calculate the greatest common divisor of 552 and y.
69
Let z(v) = v**3 - 3*v**2 + 3*v - 3. Let d be z(3). Let h(j) = -3*j + 9. Let t be h(-15). Calculate the highest common divisor of t and d.
6
Let b = -224 + 343. Let t = 133 + b. Let j = t - 148. What is the greatest common divisor of 13 and j?
13
Suppose -w - 3*w = -5*x + 304, -x - 5*w = -55. Let z(t) = 2*t. Let h be z(6). What is the highest common factor of h and x?
12
Let w be (-216)/(-14) - (-8)/14. Let r be (-18)/(-8) - 2/8. Calculate the highest common factor of r and w.
2
Suppose 85 = 3*i + 2*s, 5*i + 2*s - 204 = -57. What is the highest common factor of 279 and i?
31
Let f(i) = i**3 - 19*i**2 + 20*i + 4. Let z be f(18). What is the greatest common factor of 20 and z?
20
Let v = 4 + -1. Suppose -i + 1 = 0, 4*i + 35 = 3*q - v. What is the greatest common factor of q and 2?
2
Let m(v) = 5*v**2 + 6*v. Let f be m(6). Suppose 0 = -3*r + 26 + 46. What is the greatest common factor of f and r?
24
Let u(i) = -13*i - 3. Let z be u(-4). Suppose -3*p = -16 - 5. What is the highest common factor of p and z?
7
Let y be (-8*(-6)/(-12))/(-2). Let a = -8 - -13. Calculate the greatest common divisor of y and a.
1
Suppose 0 = -o + 5*o. Suppose o = -3*s - 0*s + 72. Let a be 5*(1 - 7/(-5)). What is the greatest common factor of a and s?
12
Let n be 9*((-68)/(-6) - 2). Suppose 0*x + x - 1 = 4*z, 1 = 2*z - x. Let u be -28*z/(-2)*-1. What is the highest common divisor of u and n?
14
Let r(x) = x**3 - 19*x**2 - 16*x + 8. Let i be r(20). Calculate the highest common factor of i and 11.
11
Let a be 2 - 2 - -2 - -34. Suppose 4*d + 5*w = -3 + a, 3*w - 3 = 0. Suppose 3*o = d + 5. What is the greatest common factor of o and 6?
2
Let c(i) = 1 - 5*i**3 - 6*i - 2*i**2 + 3 + 6*i**3. Let d be c(4). Calculate the highest common factor of 24 and d.
12
Suppose 4*l + 8 = 72. Calculate the greatest common factor of l and 2.
2
Let v(l) = 15*l. Suppose -3*f = 2*j, -4*j + j - 3*f + 3 = 0. Let k be v(j). Let z be 0 + 1 + 14 + 0. What is the highest common divisor of z and k?
15
Let w(j) = 2*j**2 + 14*j + 9. Let c be w(-9). Let s = -17 + c. What is the highest common divisor of s and 4?
4
Let l(y) = -9*y + 2. Let p be l(-6). Suppose 4*m = -2*o + 1 - 7, m = 4*o - 33. What is the highest common factor of p and o?
7
Suppose 3*a - 19 = 14. What is the highest common divisor of 33 and a?
11
Let x(o) = 2*o**2 - 3. Let v be x(4). Let i = 31 - v. Suppose 0 = -4*a + 71 - 15. What is the highest common factor of a and i?
2
Let w = 35 + -24. What is the highest common factor of w and 88?
11
Suppose -5*y + 18 = y. Calculate the greatest common factor of y and 15.
3
Let n = 0 + 8. Suppose -6*l = -l - 120. What is the highest common factor of l and n?
8
Let l(z) = z**3 + 14*z**2 + 18*z + 12. Let d be l(-12). Calculate the greatest common factor of d and 28.
28
Let f(y) = y**2 + 3*y + 99. Let d be f(0). Calculate the greatest common factor of 11 and d.
11
Let y = -81 - -116. What is the greatest common divisor of 5 and y?
5
Let t be 0 + 1 + 8 + -11. Let h be (-3 - t)*2/(-1). Suppose h*m = 16 + 2. Calculate the highest common divisor of 63 and m.
9
Let v = 25 + -8. What is the highest common factor of v and 34?
17
Let l(r) = -19*r + 2. Let m be l(3). Let d = 77 + m. Calculate the greatest common divisor of 66 and d.
22
Suppose -i = -g + 8, 3*g + g - i = 20. Let d be 1162/21 - g/(-6). Calculate the greatest common divisor of d and 7.
7
Suppose 2*m = -q + 16, -m + 22 = -0*q - 3*q. Let i be 2/m + (-870)/(-25). Calculate the greatest common factor of i and 14.
7
Let p = -78 - -150. Let a = 125 - 117. Calculate the highest common factor of a and p.
8
Let h(x) = 3*x + 20. Let y be h(-6). Let z be ((-4)/(-10))/(y/300). Calculate the highest common divisor of 40 and z.
20
Suppose 0 = l - 4*l + 21. Suppose -2*u - 5*k + 12 = -l, 4*u - 62 = -2*k. What is the greatest common factor of u and 136?
17
Let h(d) be the third derivative of d**5/10 + d**4/8 - d**2. Let s be h(-3). Calculate the greatest common divisor of s and 5.
5
Let c(m) = m**2 - 5*m + 6. Suppose 0 = 4*h + q - 21, -2*h + 5*q - 4*q = -9. Let p be c(h). Calculate the greatest common factor of p and 18.
6
Let i = -21 + 15. Let n = 17 + i. Calculate the highest common divisor of n and 121.
11
Let p(c) = -c**3 + 9*c**2 + 1. Let h(y) = -y - 1. Let i be h(-10). Let m be p(i). Calculate the highest common divisor of 1 and m.
1
Let x(k) = k**3 - 7*k**2 + 4*k + 2. Let n be x(5). Let g = n - -48. Calculate the greatest common divisor of g and 30.
10
Suppose -2*l + 60 = 3*l. Calculate the greatest common factor of l and 8.
4
Let a(x) = 2*x + 8 - 3 + 23 - x. Let v be a(-12). What is the highest common divisor of v and 40?
8
Suppose 0 = -2*f + 13 + 65. Let k(x) = -x**2 + 8*x - 3. Let p be k(4). What is the greatest common factor of f and p?
13
Suppose -g + 68 = 59. Suppose -4*t + 293 = 113. What is the greatest common divisor of t and g?
9
Let l(y) = -y**2 + 6*y + 9. Let g be l(7). Suppose 0*p - 14 = -2*p + 2*d, -12 = -g*p + d. Calculate the highest common divisor of 45 and p.
5
Suppose 46*o - 30 = 41*o. What is the highest common factor of 42 and o?
6
Let h = -7 + 10. Suppose -3*t = -h*z - 27, 0*t + 9 = t + 4*z. Calculate the greatest common factor of 3 and t.
3
Suppose 0*m - 2*m + 4 = 2*o, -4*m - 7 = -o. Suppose r - 6 = -o. Suppose 0 = x + 4*l - 1, l + 2 = 3*x - x. What is the greatest common divisor of r and x?
1
Suppose -v + 3*i = 4*i - 9, -4*v - i + 21 = 0. What is the highest common divisor of 6 and v?
2
Suppose -2*s - 10 = -4*s. Let h = 5 - -88. Let r = h - 58. What is the highest common factor of s and r?
5
Let n = 35 - 24. Calculate the highest common factor of 1 and n.
1
Let d = -32 + 52. Let j = d - 12. Let b be 2/8 - (-446)/j. Calculate the highest common factor of 8 and b.
8
Let n(f) = -16*f - 7. Let p be n(-4). What is the greatest common factor of p and 19?
19
Let k(l) = -13*l + 5. Let h(d) = -2*d + 5. Let w be h(5). Let b be k(w). Suppose -4*g - g = -b. Calculate the highest common factor of 112 and g.
14
Suppose 178 = 6*l - 20. Calculate the highest common factor of l and 22.
11
Suppose 5*o - 10 = 40. Suppose -5*v + v = -60. Calculate the highest common divisor of v and o.
5
Let y be ((-100)/(-30))/((-1)/(-3)). Calculate the highest common divisor of 90 and y.
10
Suppose 0*f + 2*f = 14. Suppose -2*c - 5*j = 1, 13 = c - 0*c - 2*j. Calculate the highest common divisor of f and c.
7